{"id":21,"date":"2014-10-28T09:21:54","date_gmt":"2014-10-28T08:21:54","guid":{"rendered":"http:\/\/shop.cadx-dental.com\/?post_type=product&#038;p=21"},"modified":"2024-03-29T16:37:29","modified_gmt":"2024-03-29T15:37:29","slug":"capdent","status":"publish","type":"product","link":"http:\/\/cadx-dental.com\/boutique\/?product=capdent&lang=fr","title":{"rendered":"100 &#8211; version ant\u00e9rieure de capodent  &#8211; la paire = 1 gauche +1 droit"},"content":{"rendered":"<p>jeu de 2 \u00ab\u00a0capodent\u00a0\u00bb (aspire-salive, assistant op\u00e9ratoire, facilitateur de l&#8217;empreinte optique)<\/p>\n<p>1 gauche + 1 droit, taille m\u00e9dium<\/p>\n<p><b>livraison: 2 \u00e0 4&nbsp;<\/b><b>semaines \u00e0 compter de la date d\u2019achat<\/b><\/p>\n<p>adaptateur caoutchouc pour tuyaux d&rsquo;aspiration rigides<\/p>\n<p><a href=\"http:\/\/cadx-dental.com\/boutique\/wp-content\/uploads\/2014\/10\/adaptateur-cap\u00b0dent-tuyau-daspiration.jpg\"><img decoding=\"async\" loading=\"lazy\" class=\"alignnone size-medium wp-image-142\" src=\"http:\/\/cadx-dental.com\/boutique\/wp-content\/uploads\/2014\/10\/adaptateur-cap\u00b0dent-tuyau-daspiration-300x224.jpg\" alt=\"adaptateur cap\u00b0dent - tuyau d'aspiration\" width=\"300\" height=\"224\" srcset=\"http:\/\/cadx-dental.com\/boutique\/wp-content\/uploads\/2014\/10\/adaptateur-cap\u00b0dent-tuyau-daspiration-300x224.jpg 300w, http:\/\/cadx-dental.com\/boutique\/wp-content\/uploads\/2014\/10\/adaptateur-cap\u00b0dent-tuyau-daspiration-1030x769.jpg 1030w, http:\/\/cadx-dental.com\/boutique\/wp-content\/uploads\/2014\/10\/adaptateur-cap\u00b0dent-tuyau-daspiration-1500x1120.jpg 1500w, http:\/\/cadx-dental.com\/boutique\/wp-content\/uploads\/2014\/10\/adaptateur-cap\u00b0dent-tuyau-daspiration-705x526.jpg 705w\" sizes=\"(max-width: 300px) 100vw, 300px\" \/><\/a><\/p>\n","protected":false},"excerpt":{"rendered":"<p>jeu de 2 \u00ab\u00a0capodent\u00a0\u00bb (aspire-salive, assistant op\u00e9ratoire, facilitateur de l&#8217;empreinte optique) 1 gauche + 1 droit, taille m\u00e9dium livraison: 2 \u00e0 4&nbsp;semaines \u00e0 compter de la date d\u2019achat adaptateur caoutchouc pour tuyaux d&rsquo;aspiration rigides<\/p>\n","protected":false},"featured_media":22,"comment_status":"open","ping_status":"closed","template":"","meta":[],"_links":{"self":[{"href":"http:\/\/cadx-dental.com\/boutique\/index.php?rest_route=\/wp\/v2\/product\/21"}],"collection":[{"href":"http:\/\/cadx-dental.com\/boutique\/index.php?rest_route=\/wp\/v2\/product"}],"about":[{"href":"http:\/\/cadx-dental.com\/boutique\/index.php?rest_route=\/wp\/v2\/types\/product"}],"replies":[{"embeddable":true,"href":"http:\/\/cadx-dental.com\/boutique\/index.php?rest_route=%2Fwp%2Fv2%2Fcomments&post=21"}],"wp:featuredmedia":[{"embeddable":true,"href":"http:\/\/cadx-dental.com\/boutique\/index.php?rest_route=\/wp\/v2\/media\/22"}],"wp:attachment":[{"href":"http:\/\/cadx-dental.com\/boutique\/index.php?rest_route=%2Fwp%2Fv2%2Fmedia&parent=21"}],"curies":[{"name":"wp","href":"https:\/\/api.w.org\/{rel}","templated":true}]}}